{"id":11,"date":"2016-07-20T14:27:23","date_gmt":"2016-07-20T14:27:23","guid":{"rendered":"http:\/\/treize.lif.univ-mrs.fr\/wps\/?page_id=11"},"modified":"2019-11-29T16:22:53","modified_gmt":"2019-11-29T16:22:53","slug":"contact","status":"publish","type":"page","link":"https:\/\/treize.lis-lab.fr\/?page_id=11","title":{"rendered":"Contact"},"content":{"rendered":"<div class=\"wp-block-columns has-2-columns is-layout-flex wp-container-core-columns-is-layout-9d6595d7 wp-block-columns-is-layout-flex\">\n<div class=\"wp-block-column is-layout-flow wp-block-column-is-layout-flow\">\n<p><\/p>\n\n\n<p><!--\n\n\n<h1>Venir au Th\u00e9\u00e2tre Joliette<\/h1>\n\n\nLe Th\u00e9\u00e2tre Joliette se situe 2 place Henri Verneuil, 13002 Marseille.\n\n<a href=\"http:\/\/umap.openstreetmap.fr\/fr\/map\/theatre-joliette-minoterie_252259\">Voir carte<\/a>\n\nL'acc\u00e8s est possible\n\n\n<ul>\n \t\n\n<li>en m\u00e9tro : ligne 2, arr\u00eat Joliette<\/li>\n\n\n \t\n\n<li>en bus : lignes 35 ou 82, arr\u00eat Docks ; ligne 55, arr\u00eat Joliette; ligne 49, arr\u00eat Coll\u00e8ge Izzo<\/li>\n\n\n \t\n\n<li>en tramway : T2 &amp; T3, arr\u00eat Eurom\u00e9diterran\u00e9e-Gant\u00e8s<\/li>\n\n\n \t\n\n<li>avec Le V\u00e9lo : station 2279 Quai du Lazaret<\/li>\n\n\n \t\n\n<li>en voiture : parking Euromed Center (Urbis Park) 52 quai du Lazaret, somme forfaitaire de 3\u20ac en pr\u00e9paiement uniquement d\u00e8s votre arriv\u00e9e au parking, du lundi au samedi \u00e0 partir de 18h<\/li>\n\n\n<\/ul>\n\n\n--><!--\n\n\n<h1>Venir \u00e0 l'Alcazar<\/h1>\n\n\nLa BMVR Alcazar se situe 58 Cours Belsunce, 13001 Marseille. L'acc\u00e8s est possible en m\u00e9tro (Colbert ou Noailles), bus (Centre Bourse), tramway (lignes 2 et 3, arr\u00eat Belsunce-Alcazar), voiture (parking Centre Bourse ou Place de la Providence).\n\n<iframe loading=\"lazy\" width=\"100%\" height=\"300px\" frameBorder=\"0\" src=\"http:\/\/umap.openstreetmap.fr\/fr\/map\/bmvr-alcazar_105236?scaleControl=false&miniMap=false&scrollWheelZoom=false&zoomControl=true&allowEdit=false&moreControl=true&searchControl=null&tilelayersControl=null&embedControl=null&datalayersControl=true&onLoadPanel=undefined&captionBar=false\"><\/iframe>\n\n<a href=\"http:\/\/umap.openstreetmap.fr\/fr\/map\/bmvr-alcazar_105236\" target=\"_blank\" rel=\"noopener noreferrer\">Voir en plein \u00e9cran<\/a>\n\n--><\/p>\n<h1>\u00c9dition du 5 d\u00e9cembre<\/h1>\n<p>Pour contacter les organisateurs, merci de remplir le formulaire ci-dessous :<\/p>\n\n<div class=\"wpcf7 no-js\" id=\"wpcf7-f23-o1\" lang=\"fr-FR\" dir=\"ltr\" data-wpcf7-id=\"23\">\n<div class=\"screen-reader-response\"><p role=\"status\" aria-live=\"polite\" aria-atomic=\"true\"><\/p> <ul><\/ul><\/div>\n<form action=\"\/index.php?rest_route=%2Fwp%2Fv2%2Fpages%2F11#wpcf7-f23-o1\" method=\"post\" class=\"wpcf7-form init\" aria-label=\"Formulaire de contact\" novalidate=\"novalidate\" data-status=\"init\">\n<fieldset class=\"hidden-fields-container\"><input type=\"hidden\" name=\"_wpcf7\" value=\"23\" \/><input type=\"hidden\" name=\"_wpcf7_version\" value=\"6.1.5\" \/><input type=\"hidden\" name=\"_wpcf7_locale\" value=\"fr_FR\" \/><input type=\"hidden\" name=\"_wpcf7_unit_tag\" value=\"wpcf7-f23-o1\" \/><input type=\"hidden\" name=\"_wpcf7_container_post\" value=\"0\" \/><input type=\"hidden\" name=\"_wpcf7_posted_data_hash\" value=\"\" \/><input type=\"hidden\" name=\"_wpcf7_recaptcha_response\" value=\"\" \/>\n<\/fieldset>\n<p>Nom (requis)\n<\/p>\n<p><span class=\"wpcf7-form-control-wrap\" data-name=\"your-name\"><input size=\"40\" maxlength=\"400\" class=\"wpcf7-form-control wpcf7-text wpcf7-validates-as-required\" aria-required=\"true\" aria-invalid=\"false\" value=\"\" type=\"text\" name=\"your-name\" \/><\/span>\n<\/p>\n<p>Email (requis)\n<\/p>\n<p><span class=\"wpcf7-form-control-wrap\" data-name=\"your-email\"><input size=\"40\" maxlength=\"400\" class=\"wpcf7-form-control wpcf7-email wpcf7-validates-as-required wpcf7-text wpcf7-validates-as-email\" aria-required=\"true\" aria-invalid=\"false\" value=\"\" type=\"email\" name=\"your-email\" \/><\/span>\n<\/p>\n<p>Votre message\n<\/p>\n<p><span class=\"wpcf7-form-control-wrap\" data-name=\"your-message\"><textarea cols=\"40\" rows=\"10\" maxlength=\"2000\" class=\"wpcf7-form-control wpcf7-textarea\" aria-invalid=\"false\" name=\"your-message\"><\/textarea><\/span>\n<\/p>\n<p>Recopiez le code ci-dessous svp.<br \/>\n<input type=\"hidden\" name=\"_wpcf7_captcha_challenge_captcha-1\" value=\"3372954833\" \/><img loading=\"lazy\" decoding=\"async\" class=\"wpcf7-form-control wpcf7-captchac wpcf7-captcha-captcha-1\" width=\"72\" height=\"24\" alt=\"captcha\" src=\"https:\/\/treize.lis-lab.fr\/wps\/wp-content\/uploads\/wpcf7_captcha\/3372954833.png\" \/><span class=\"wpcf7-form-control-wrap\" data-name=\"captcha-1\"><input size=\"40\" class=\"wpcf7-form-control wpcf7-captchar\" autocomplete=\"off\" aria-invalid=\"false\" value=\"\" type=\"text\" name=\"captcha-1\" \/><\/span>\n<\/p>\n<p><input class=\"wpcf7-form-control wpcf7-submit has-spinner\" type=\"submit\" value=\"Envoyer\" \/>\n<\/p><p style=\"display: none !important;\" class=\"akismet-fields-container\" data-prefix=\"_wpcf7_ak_\"><label>&#916;<textarea name=\"_wpcf7_ak_hp_textarea\" cols=\"45\" rows=\"8\" maxlength=\"100\"><\/textarea><\/label><input type=\"hidden\" id=\"ak_js_1\" name=\"_wpcf7_ak_js\" value=\"73\"\/><script>document.getElementById( \"ak_js_1\" ).setAttribute( \"value\", ( new Date() ).getTime() );<\/script><\/p><div class=\"wpcf7-response-output\" aria-hidden=\"true\"><\/div>\n<\/form>\n<\/div>\n<\/div>\n\n\n\n<div class=\"wp-block-column is-layout-flow wp-block-column-is-layout-flow\">\n<p><\/p>\n\n\n<p><!--\n\n\n<h1>Venir au Th\u00e9\u00e2tre Joliette<\/h1>\n\n\nLe Th\u00e9\u00e2tre Joliette se situe 2 place Henri Verneuil, 13002 Marseille.\n\n<a href=\"http:\/\/umap.openstreetmap.fr\/fr\/map\/theatre-joliette-minoterie_252259\">Voir carte<\/a>\n\nL'acc\u00e8s est possible\n\n\n<ul>\n \t\n\n<li>en m\u00e9tro : ligne 2, arr\u00eat Joliette<\/li>\n\n\n \t\n\n<li>en bus : lignes 35 ou 82, arr\u00eat Docks ; ligne 55, arr\u00eat Joliette; ligne 49, arr\u00eat Coll\u00e8ge Izzo<\/li>\n\n\n \t\n\n<li>en tramway : T2 &amp; T3, arr\u00eat Eurom\u00e9diterran\u00e9e-Gant\u00e8s<\/li>\n\n\n \t\n\n<li>avec Le V\u00e9lo : station 2279 Quai du Lazaret<\/li>\n\n\n \t\n\n<li>en voiture : parking Euromed Center (Urbis Park) 52 quai du Lazaret, somme forfaitaire de 3\u20ac en pr\u00e9paiement uniquement d\u00e8s votre arriv\u00e9e au parking, du lundi au samedi \u00e0 partir de 18h<\/li>\n\n\n<\/ul>\n\n\n--><!--\n\n\n<h1>Venir \u00e0 l'Alcazar<\/h1>\n\n\nLa BMVR Alcazar se situe 58 Cours Belsunce, 13001 Marseille. L'acc\u00e8s est possible en m\u00e9tro (Colbert ou Noailles), bus (Centre Bourse), tramway (lignes 2 et 3, arr\u00eat Belsunce-Alcazar), voiture (parking Centre Bourse ou Place de la Providence).\n\n<iframe loading=\"lazy\" width=\"100%\" height=\"300px\" frameBorder=\"0\" src=\"http:\/\/umap.openstreetmap.fr\/fr\/map\/bmvr-alcazar_105236?scaleControl=false&miniMap=false&scrollWheelZoom=false&zoomControl=true&allowEdit=false&moreControl=true&searchControl=null&tilelayersControl=null&embedControl=null&datalayersControl=true&onLoadPanel=undefined&captionBar=false\"><\/iframe>\n\n<a href=\"http:\/\/umap.openstreetmap.fr\/fr\/map\/bmvr-alcazar_105236\" target=\"_blank\" rel=\"noopener noreferrer\">Voir en plein \u00e9cran<\/a>\n\n--><\/p>\n<h1>\u00c9dition du 16 d\u00e9cembre<\/h1>\n<p>Pour contacter les organisateurs, merci de remplir le formulaire ci-dessous :<\/p>\n\n<div class=\"wpcf7 no-js\" id=\"wpcf7-f1078-o2\" lang=\"fr-FR\" dir=\"ltr\" data-wpcf7-id=\"1078\">\n<div class=\"screen-reader-response\"><p role=\"status\" aria-live=\"polite\" aria-atomic=\"true\"><\/p> <ul><\/ul><\/div>\n<form action=\"\/index.php?rest_route=%2Fwp%2Fv2%2Fpages%2F11#wpcf7-f1078-o2\" method=\"post\" class=\"wpcf7-form init\" aria-label=\"Formulaire de contact\" novalidate=\"novalidate\" data-status=\"init\">\n<fieldset class=\"hidden-fields-container\"><input type=\"hidden\" name=\"_wpcf7\" value=\"1078\" \/><input type=\"hidden\" name=\"_wpcf7_version\" value=\"6.1.5\" \/><input type=\"hidden\" name=\"_wpcf7_locale\" value=\"fr_FR\" \/><input type=\"hidden\" name=\"_wpcf7_unit_tag\" value=\"wpcf7-f1078-o2\" \/><input type=\"hidden\" name=\"_wpcf7_container_post\" value=\"0\" \/><input type=\"hidden\" name=\"_wpcf7_posted_data_hash\" value=\"\" \/><input type=\"hidden\" name=\"_wpcf7_recaptcha_response\" value=\"\" \/>\n<\/fieldset>\n<p>Nom (requis)\n<\/p>\n<p><span class=\"wpcf7-form-control-wrap\" data-name=\"your-name\"><input size=\"40\" maxlength=\"400\" class=\"wpcf7-form-control wpcf7-text wpcf7-validates-as-required\" aria-required=\"true\" aria-invalid=\"false\" value=\"\" type=\"text\" name=\"your-name\" \/><\/span>\n<\/p>\n<p>Email (requis)\n<\/p>\n<p><span class=\"wpcf7-form-control-wrap\" data-name=\"your-email\"><input size=\"40\" maxlength=\"400\" class=\"wpcf7-form-control wpcf7-email wpcf7-validates-as-required wpcf7-text wpcf7-validates-as-email\" aria-required=\"true\" aria-invalid=\"false\" value=\"\" type=\"email\" name=\"your-email\" \/><\/span>\n<\/p>\n<p>Votre message\n<\/p>\n<p><span class=\"wpcf7-form-control-wrap\" data-name=\"your-message\"><textarea cols=\"40\" rows=\"10\" maxlength=\"2000\" class=\"wpcf7-form-control wpcf7-textarea\" aria-invalid=\"false\" name=\"your-message\"><\/textarea><\/span>\n<\/p>\n<p>Recopiez le code ci-dessous svp.<br \/>\n<input type=\"hidden\" name=\"_wpcf7_captcha_challenge_captcha-1\" value=\"2555420452\" \/><img loading=\"lazy\" decoding=\"async\" class=\"wpcf7-form-control wpcf7-captchac wpcf7-captcha-captcha-1\" width=\"72\" height=\"24\" alt=\"captcha\" src=\"https:\/\/treize.lis-lab.fr\/wps\/wp-content\/uploads\/wpcf7_captcha\/2555420452.png\" \/><span class=\"wpcf7-form-control-wrap\" data-name=\"captcha-1\"><input size=\"40\" class=\"wpcf7-form-control wpcf7-captchar\" autocomplete=\"off\" aria-invalid=\"false\" value=\"\" type=\"text\" name=\"captcha-1\" \/><\/span>\n<\/p>\n<p><input class=\"wpcf7-form-control wpcf7-submit has-spinner\" type=\"submit\" value=\"Envoyer\" \/>\n<\/p><p style=\"display: none !important;\" class=\"akismet-fields-container\" data-prefix=\"_wpcf7_ak_\"><label>&#916;<textarea name=\"_wpcf7_ak_hp_textarea\" cols=\"45\" rows=\"8\" maxlength=\"100\"><\/textarea><\/label><input type=\"hidden\" id=\"ak_js_2\" name=\"_wpcf7_ak_js\" value=\"225\"\/><script>document.getElementById( \"ak_js_2\" ).setAttribute( \"value\", ( new Date() ).getTime() );<\/script><\/p><div class=\"wpcf7-response-output\" aria-hidden=\"true\"><\/div>\n<\/form>\n<\/div>\n<\/div>\n<\/div>","protected":false},"excerpt":{"rendered":"","protected":false},"author":2,"featured_media":0,"parent":0,"menu_order":0,"comment_status":"closed","ping_status":"closed","template":"","meta":{"__cvm_playback_settings":[],"__cvm_video_id":"","footnotes":""},"class_list":["post-11","page","type-page","status-publish","hentry"],"_links":{"self":[{"href":"https:\/\/treize.lis-lab.fr\/index.php?rest_route=\/wp\/v2\/pages\/11","targetHints":{"allow":["GET"]}}],"collection":[{"href":"https:\/\/treize.lis-lab.fr\/index.php?rest_route=\/wp\/v2\/pages"}],"about":[{"href":"https:\/\/treize.lis-lab.fr\/index.php?rest_route=\/wp\/v2\/types\/page"}],"author":[{"embeddable":true,"href":"https:\/\/treize.lis-lab.fr\/index.php?rest_route=\/wp\/v2\/users\/2"}],"replies":[{"embeddable":true,"href":"https:\/\/treize.lis-lab.fr\/index.php?rest_route=%2Fwp%2Fv2%2Fcomments&post=11"}],"version-history":[{"count":17,"href":"https:\/\/treize.lis-lab.fr\/index.php?rest_route=\/wp\/v2\/pages\/11\/revisions"}],"predecessor-version":[{"id":1216,"href":"https:\/\/treize.lis-lab.fr\/index.php?rest_route=\/wp\/v2\/pages\/11\/revisions\/1216"}],"wp:attachment":[{"href":"https:\/\/treize.lis-lab.fr\/index.php?rest_route=%2Fwp%2Fv2%2Fmedia&parent=11"}],"curies":[{"name":"wp","href":"https:\/\/api.w.org\/{rel}","templated":true}]}}